-2*d + 1470 - 378, 2*j + 582 = d. Calculate the highest common divisor of d and 51.
3
Let h = 101 - 116. Let r be 3 - (-2)/((-2)/h). Let b be 11*38/r - (-6)/(-27). What is the highest common factor of b and 92?
23
Let k be (6/(-12))/(7175/(-3584) + 2). Let r be 8/8*-8*3/(-6). Calculate the greatest common divisor of k and r.
4
Suppose -k - 5*r - 76 + 63 = 0, 5*r + 20 = 0. Let c = 91 - 39. Let u = -31 + c. Calculate the highest common divisor of k and u.
7
Let g = -50 - -45. Let n be g*14/(-20)*(-24)/(-7). Suppose 2*p - 96 = -2*p. What is the greatest common divisor of n and p?
12
Suppose 1028*b + 1027*b - 360 = 2045*b. What is the greatest common divisor of 2136 and b?
12
Suppose 13*v + 559 = 598. Let s = 2 - 2. Let f be ((-6)/(-2))/(1 + s). What is the greatest common divisor of f and v?
3
Let m(d) = -66*d - 1710. Let q be m(-30). Calculate the highest common factor of 50 and q.
10
Let g(x) = -85*x**3 - 21*x**2 - 3*x - 3. Let s be g(-1). Let d be 3/(-3) - 10/(-2). Calculate the greatest common divisor of d and s.
4
Suppose 0*a + x = -4*a - 67, a + 4*x = 2. Let i be (-404)/a + 124/(-279). Let z(f) = f**2 - f + 3. Let l be z(-5). What is the highest common factor of l and i?
11
Suppose 0 = -3*p + 329 - 104. Let h(u) = -u**3 + 9*u**2 + 192*u - 23. Let a be h(19). Calculate the greatest common factor of a and p.
15
Let y(u) = 10*u**2 + 109*u + 30. Let f be y(-12). Calculate the highest common factor of 2898 and f.
18
Let r = 9201 - 9190. What is the greatest common divisor of 11957 and r?
11
Suppose 3*o = 3*g - 19578, 2*g + 5*o - 13043 = 6*o. Calculate the greatest common factor of 2744 and g.
343
Let j be 7/(49/(-4)) + (-235)/(-7). What is the greatest common factor of j and 6963?
33
Let a(x) = 4913*x - 731. Let h be a(2). Calculate the highest common factor of h and 34.
17
Suppose -3*m + 7*m - 542 = 5*w, 0 = 5*w + 2*m + 524. Let g = w - -108. Suppose 26 - g = 3*c. Calculate the highest common divisor of 16 and c.
8
Suppose -2*l - 26*u + 336 = -27*u, u + 678 = 4*l. Calculate the greatest common divisor of 19551 and l.
57
Suppose 3*h + l + 3*l = 125, -37 = -h + l. What is the greatest common divisor of 1781 and h?
13
Suppose -4998578 = -246*g + 3078037 - 220113. What is the highest common factor of g and 293?
293
Let i be 285/(-114)*(-18)/5*209. What is the highest common factor of 396 and i?
99
Let l(o) = o**3 - 19*o**2 + 2*o - 34. Let p be l(19). Let m be (-884)/(-8) - p/(-8). Let w = 9 + m. What is the greatest common factor of w and 24?
24
Suppose -4175 = 14*c - 5547. Calculate the greatest common factor of 798 and c.
14
Suppose 71467 + 42619 = 29*d. What is the highest common divisor of d and 14?
14
Let v be (12 - 6)*6/4. Let w be 3/v*(-3 + -12)*-9. Calculate the greatest common factor of 30 and w.
15
Let t = -24425 + 24497. What is the greatest common factor of t and 1176?
24
Let v be (-34974)/(-63) - 1/7. Suppose 0 = 3*l + 72 - v. Let r = 246 - l. What is the greatest common divisor of 34 and r?
17
Let v(g) = g**3 - 18*g**2 + 30*g + 37. Let o be v(16). Suppose -m = -3*m, o*f - 60 = -3*m. Calculate the greatest common factor of 24 and f.
12
Suppose -46*q + 57*q - 22 = 0. Suppose 6*v - 38 + 14 = 0. Suppose 6 + 18 = v*b. What is the greatest common factor of q and b?
2
Let l be (7/168*4*6)/(2/68). Let u(f) = 137*f**2 + f. Let y be u(-1). What is the greatest common divisor of l and y?
34
Suppose -4*k - 4*l = 11 + 5, -4*l + 2 = -5*k. Let q(t) = -26*t - 26. Let v be q(k). Calculate the greatest common factor of v and 234.
26
Let s = 11943 - 6719. Suppose 28*l - s = 19724. What is the highest common divisor of 198 and l?
99
Let s be (-4)/(2*(-1)/22). Let m be (19/((-228)/(-32)))/(1/3). Let o be (m/(-16))/(3/(-2904)). What is the highest common factor of o and s?
44
Suppose 169*k - 206064 = 25*k. Calculate the highest common factor of k and 135.
27
Let m = -236 + 237. Let q be 4/(-12)*12 - m*-16. What is the greatest common factor of q and 16?
4
Let s = 200 + -190. Suppose 0 = 50*h - 46*h - 1240. Calculate the highest common divisor of s and h.
10
Suppose -10*z = 103 - 1023. Suppose 104*q - 1140 = z*q. What is the greatest common factor of q and 57?
19
Suppose -270 = -l + 42*m - 39*m, 1285 = 5*l - 2*m. Calculate the highest common factor of 120 and l.
15
Suppose -35108 = -39*w - w - 27*w. What is the greatest common divisor of w and 8?
4
Suppose -78082 = -3*j + 4*n, 3*n + 12084 + 118049 = 5*j. What is the greatest common divisor of 22 and j?
22
Let i = 380 - -231. What is the highest common divisor of 39 and i?
13
Let f be 0 - -9 - (1 + -8). Let z(y) = -4*y + 118. Let i be z(f). Calculate the greatest common divisor of i and 378.
54
Let r be 46 + -1*(-22 - -2). Let y be 18*3 + -2 - 2. Let f = y - 17. Calculate the highest common factor of r and f.
33
Let w = 145 + -100. Let o = w - 31. Calculate the highest common factor of o and 6.
2
Suppose 68877 = 265*m - 85618. What is the highest common factor of 44 and m?
11
Suppose 227*q - 5500 + 367 = 6170 + 9127. Suppose -3*m + 72 = 3*k, -k = -4*k - 4*m + 69. What is the greatest common divisor of k and q?
9
Suppose -4*z + 3*m + 825 = 0, -2*m + m = z - 215. Suppose 9*g - 2*g - z = 0. What is the greatest common divisor of g and 510?
30
Let q be 287/5 - (-55 + 53)/(1 - 6). Suppose -4*a = -2*t + 38, a = -2*t + 49 - 11. Calculate the greatest common factor of q and t.
19
Let q be (-1 - 35595)*(-1358)/776. What is the highest common factor of q and 77?
77
Let i be (-18)/(36/8 + -6). Let s = 2 - 14. Let w be (-2)/(((-6)/(-3))/s). What is the highest common divisor of i and w?
12
Suppose 692 = 4*a - 4*p, 4*p = a - 2761 + 2576. Calculate the greatest common factor of a and 4771.
13
Let a be (-4 + 2)/1 - -9. Suppose 28*i - 114 = -10*i. Calculate the highest common factor of a and i.
1
Let b be (-6)/(-2) - (18 - 5). Let h = b + 79. Calculate the highest common divisor of h and 92.
23
Suppose -7*n - 239 = -785. Suppose 4*c - 7*c = -n. Calculate the highest common divisor of 286 and c.
26
Let k(t) = 22*t - 1. Suppose -h - 8 = 3. Let g(x) = 66*x - 4. Let v(i) = h*k(i) + 4*g(i). Let m be v(5). What is the highest common factor of 42 and m?
21
Let h = 2465 - 2458. What is the highest common factor of h and 371?
7
Let v be ((-372)/(-62) - (-17)/(-3))/(2/204). Let t(d) = -d**2 - 51*d + 9. Let s be t(-20). Calculate the greatest common factor of v and s.
17
Suppose -q - 6 = -5*v - 4, -17 = -2*q + 3*v. Let r(a) = 2*a**2 - 23*a - 23. Let j be r(q). What is the highest common divisor of j and 52?
4
Suppose -3*s + 3*p + 417 = 0, 13*s + p - 137 = 12*s. Let h = s + -129. What is the greatest common factor of h and 63?
9
Let h(s) = -63*s**3 + 3*s**2 + 4*s + 3. Let p be h(-1). Let y be (52/7)/((-8)/(-28)). Calculate the highest common divisor of y and p.
13
Suppose g - 19 = -5*q, 5*g = 10*g + 5*q + 5. Let r(i) = 3*i**3 + 19*i**2 + i + 21. Let z be r(g). What is the highest common factor of z and 663?
51
Let s(y) = -7*y**2 - 546*y + 20. Let t be s(-78). What is the greatest common divisor of 3470 and t?
10
Let h = 11863 + -11849. Calculate the highest common divisor of h and 15526.
14
Suppose 8 = 19*j + 8. Suppose j = o + 1374 - 1400. What is the highest common factor of o and 52?
26
Let r = -96 + 160. Suppose -174 = 4*x - 3*v - 26, -2*x = -4*v + r. Let u = -28 - x. Calculate the highest common divisor of 120 and u.
12
Suppose 30 = -8*u + 3*u. Let v = 10 + u. Suppose 0 = 3*h - 3*y - 54, 2*y = 5*h + v*y - 118. Calculate the greatest common factor of 110 and h.
22
Let p = 1941 - 1358. Calculate the highest common factor of p and 424.
53
Suppose 7*w - 13*w = 1518. Let q = 457 + w. Calculate the greatest common factor of q and 36.
12
Let v be (3 - 3)/(3 - 1). Suppose 4*d - d - 66 = v. Let k = 576 + -510. What is the greatest common factor of d and k?
22
Let o(c) = 38*c - 1754. Let a be o(48). What is the greatest common factor of a and 8715?
35
Let p = -1 - -3. Suppose -76 = -2*w - 0*s - p*s, w - 5*s - 8 = 0. Let o = 15369 - 15336. Calculate the greatest common factor of o and w.
33
Suppose 0 = 25*g - 22*g - 324. Suppose 0 = -2*t + 17 + 31. Calculate the greatest common factor of t and g.
12
Let k be 35*(1230/75 - 10). Calculate the greatest common factor of k and 80.
16
Suppose -214 = -5*p - 2*h, -2*h - 3*h + 117 = 3*p. Let r =